-4*n + 2*n = -4, -2*j = 2*n + 2. Let m(i) = -2*i**2 - 2*i + 4. Determine m(j).
-8
Let y(a) = 4 - 2*a + 1 - 9*a**2 + 3*a + 8*a**2. Calculate y(4).
-7
Let s = -142 + 142. Let h(p) = p + 9. Give h(s).
9
Let l(s) = -5*s**3 + 0*s + 4*s**3 + 4*s + s**2 + 2*s**2 - 5. Give l(4).
-5
Suppose -6 = -4*f + f. Let m(b) = -b**3 - 3*b**2 - 2*b. Let n be m(-3). Let h(q) = -n*q**2 + f*q**3 - 5*q - 2 + 11*q - q**3. What is h(5)?
3
Suppose 0 = d + 2 - 4. Let m = -1 - d. Let k(z) = -9*z - 2*z + 10*z. Determine k(m).
3
Let f be 1*3/54*3. Let d(t) be the second derivative of 0 - 1/2*t**2 + f*t**3 - t. Calculate d(5).
4
Let m = -42 - -45. Let h(z) = -2*z**2 + 3*z + 3. What is h(m)?
-6
Let z(i) = 3*i + 51 - 48 - 7*i. Let m(s) = -s + 5. Let y be m(3). Let a be -2 - (y + -6)/1. What is z(a)?
-5
Suppose -2*l = -4*f - 30, -l - 2*f + 10 = 3*l. Suppose 2*b + 4*w = 12, 4*b - 3*w - l = 2*b. Let z(o) = -2*o + 3*o - 4 - 4*o**2 + 1 + o**3. Determine z(b).
1
Let i(v) be the third derivative of -v**5/30 + v**4/24 - v**3/3 - 5*v**2. Determine i(2).
-8
Let o(t) = 6*t**3 + 2*t**2 + 6*t - 5. Let m(x) = -5*x**3 - x**2 - 5*x + 4. Let n(z) = -5*m(z) - 4*o(z). Let p(y) = -y + 5. Let c be p(4). Give n(c).
-1
Let m(d) = -d**3 + 4*d**2 + 5*d + 5. Suppose -5*c + 5 = 0, c + 23 = 4*t + 4*c. Determine m(t).
5
Suppose -5*s + 4 = 3*u, -4*u + 11 = -3*s - 4. Let o(m) = m**3 - 3*m**2 + 2*m. What is o(u)?
6
Suppose 28 = 3*l + 4. Let f(w) = -w**2 + 9*w - 8. Give f(l).
0
Let j(b) = 9*b**2 + b - 2*b - 7*b**2 + b**3. Let z be j(-2). Let c(a) = -3 + 3 - a + z. What is c(1)?
1
Let k(d) = d**3 + 7*d**2 + 7*d + 2. Let y be k(-6). Let u(v) = 5*v + 3. Let m(f) = 14*f + 8. Let c(h) = -6*m(h) + 17*u(h). Calculate c(y).
-1
Let g(v) be the third derivative of 1/120*v**6 - 3*v**2 - 1/20*v**5 + 0*v**3 + 0*v + 1/12*v**4 + 0. Give g(2).
0
Let c(i) = 21*i**3 - i**2 - 2*i - 1. Suppose 3*o - 15 = 0, 4*p - 13 = -3*o - 2. What is c(p)?
-21
Let t be 3/(-12) + (-1)/(-4). Let w(q) = q**2 - 8*q + 9 - 1 + t. Determine w(6).
-4
Let f(s) be the third derivative of -s**5/30 + s**4/24 - 2*s**2. Let n(z) = -2*z**3 + 6*z - 2*z - 2*z**2 + 5*z**3 - 3*z. Let q be n(1). What is f(q)?
-6
Let f(a) be the first derivative of -1/4*a**4 - 1 - 4/3*a**3 - a**2 + 2*a. Let n = -8 - -5. What is f(n)?
-1
Suppose -2*a = 4*h - 6*h - 6, 0 = 3*a - 3. Let f(w) be the second derivative of w**3/2 - 3*w. Determine f(h).
-6
Let c = 21 - 5. Suppose 6*r - 3*r + c = -4*h, -4*h - 16 = -3*r. Let d(z) be the second derivative of -z**3/2 - 5*z**2/2 + 5*z. Give d(h).
7
Let l be 18/(-5)*8/80*25. Let i(g) = g + 5. Calculate i(l).
-4
Let r(z) = -z**3 - 8*z**2 - 9*z - 13. Let h be r(-7). Let a(v) = 11*v**2 + 1. Calculate a(h).
12
Let x(v) = 7*v**3 - v**2 - 7*v + 1. Let p(f) = 3*f - 3. Let t be p(3). Let a(c) = -8*c**3 + 8*c - 1. Let g(o) = t*a(o) + 7*x(o). Calculate g(7).
-6
Suppose d + 2*d = -9. Let j(o) = -2*o + 2*o + 2 + o. Give j(d).
-1
Let z(n) = 2*n**2 - 1. Suppose -24 = -3*t - t + 3*q, 14 = 2*t - 2*q. Suppose l = -t + 4. Give z(l).
1
Let q be 0/(0/1 - 2). Let t(d) = 3*d + q*d - 3*d**2 - 2*d. Suppose -b = 4*w - 5, 3*w - w = -3*b + 5. Determine t(w).
-2
Suppose 4*j + 4 = q, 7 + 17 = -4*q - 4*j. Let p(c) = c**2 + 4*c. Suppose 3*k - 9 = 6. Let w(b) = -b**2 - 4*b. Let y(u) = k*p(u) + 6*w(u). Give y(q).
0
Let o(j) = -j + 1. Suppose -4*a - 2*b - 6 + 20 = 0, 0 = 2*b + 10. Give o(a).
-5
Suppose 10 = -0*c + 2*c. Let a(k) = -4*k + 2*k**2 - k**2 + 0 + c - 4. Give a(5).
6
Let s be (-1)/(2 - (-27)/(-15)). Suppose -5*y - 26 + 6 = -5*k, 12 = -k - 3*y. Let d(j) = -2*j + 3*j + k*j. Calculate d(s).
-5
Let g = 5 + -2. Let c(h) = -6 + 4 + 4*h - g*h. Suppose 3 = -8*r + 7*r. What is c(r)?
-5
Suppose 0 = -4*m + 3*w + 16, -5*m + 4*w = 9*w - 20. Let v(y) be the third derivative of 1/8*y**m + 1/60*y**5 + 3*y**2 + 1/3*y**3 + 0 + 0*y. Determine v(-2).
0
Let p(s) = -9*s + 2. Suppose 2*d = -207 + 203. Give p(d).
20
Let u be -2 + (1 - (0 - 0)). Let z(t) = -15*t + 5. Let x(f) = -7*f + 3. Suppose 3*q = 4*n + q - 14, -n + 2 = -2*q. Let w(b) = n*z(b) - 7*x(b). Calculate w(u).
10
Let s(z) = -4*z + 2. Suppose 0*v - 2*v + 4 = 0. Suppose v*r + 20 = 7*r. Suppose r*k + 0 - 8 = 0. Determine s(k).
-6
Suppose -i - 6 = i, -3*i - 4 = r. Suppose 0 = -q + 2*q - r. Suppose 8*o - q*o = 6. Let c(n) = -n**3 + 2*n**2 + 2*n - 2. Calculate c(o).
2
Suppose 15 = -5*f, -3*a + 23 = -5*f - 4. Let i(n) be the second derivative of 0 - a*n - 1/2*n**2 + 1/3*n**3. What is i(4)?
7
Let y = 2 + 1. Suppose 5*i + 5*v - 30 = 0, 0*i - 2*i - 5*v = -12. Let l = i - y. Let x(m) = -m**2 - m + 4. Determine x(l).
-8
Let g(y) = 61*y + 64*y - 1 - 126*y. Determine g(-9).
8
Suppose 0 = v - 1 - 11. Suppose -2*n + 6*n = v. Let s(a) = -a + 0*a + n*a. Give s(-2).
-4
Let y(d) be the third derivative of d**6/120 + d**5/12 + 5*d**4/24 - d**3/2 + 5*d**2. Calculate y(-4).
-7
Let p be (-28)/(-8) + (-2)/4. Let h be (3*-3)/p*-1. Let u(t) = t**2 - 4*t. What is u(h)?
-3
Let f(x) = -4*x - 3*x - 14*x**3 - 4*x**2 + 4*x + 13*x**3. Give f(-4).
12
Suppose -14 = -a - 3*r, -a - a + 4*r - 22 = 0. Let v(y) be the third derivative of 2*y**5/15 + y**4/24 + y**2. Determine v(a).
7
Let r(a) = -a**2 + a - 1. Suppose 0 = -4*p + 2*j + 12, 0*p - 4*j - 12 = -2*p. Suppose -p*b = -b. Suppose -g - 3 + 4 = b. Calculate r(g).
-1
Suppose -3 - 12 = -5*c. Suppose 3 = 5*n - 7. Let o(i) = i**3 + 6 + c*i**n - 2*i**3 - 4. Calculate o(3).
2
Suppose 3*y = 2*m - 1 - 5, -m = -2*y - 3. Let l(u) = u**2 + 27 - 30 + u + 0*u**2 - m*u. Calculate l(5).
12
Suppose 2*s - 5*y + 6 = 0, -2*s + y = -3*s + 4. Let o(m) = -7 + s*m + 7 - m**2. Let g be (0 - -3)*(-1)/(-1). Give o(g).
-3
Let o(a) be the second derivative of a**5/10 + a**4/12 - 3*a - 14. Give o(1).
3
Let o be (2/(-3))/((-6)/81). Let k = o - 10. Let x(w) = 2*w + 1. Calculate x(k).
-1
Let n(h) = -4*h - 4. Let k(f) = 1. Let v(t) = 3*k(t) + n(t). What is v(-2)?
7
Suppose 0*z + 3*z = 6. Let g(r) = -r**2 - r + 11. Let n(j) = 2*j**2 + 3*j - 23. Let f(u) = z*n(u) + 5*g(u). Determine f(0).
9
Let f(i) = i + 3. Suppose 5*j + 7 = -23. Let w be f(j). Let c be (w/9)/(1/6). Let l(s) = -s**3 - s**2 + s - 1. Calculate l(c).
1
Let j = 5 - 4. Let t(d) = -4*d**2 - d + 3. Let o(k) = -k**2 + k + 1. Let h(f) = j*t(f) - 3*o(f). Suppose -3 = 5*z + 2, 5*v = -z - 16. What is h(v)?
3
Let l(h) = -3 + 3*h**2 + 7*h**2 + 2*h - 7*h**2 - h**3. Determine l(3).
3
Let b(l) = l. Let u(g) = -g. Let d(x) = -5*b(x) - 2*u(x). What is d(4)?
-12
Let q(x) = -2*x + x + x**2 + 3*x - 4*x - 7. Suppose -28 = 5*z - 8. Let r be (z/6)/(6/(-45)). Calculate q(r).
8
Let h(w) = 7*w + 11. Let q(m) = -7*m - 10 + 6*m - 5*m. Let v(d) = -d**2 + 12*d - 16. Let z be v(10). Let r(g) = z*h(g) + 5*q(g). Calculate r(-4).
2
Let n be (-120)/(-9)*(-3)/(-2). Suppose -3*t + 4*c = n, 0 = -2*t - c - 0*c + 5. Let q(j) = -j**3 + j**2 - 3. Calculate q(t).
-3
Let q be 3 - (-19 - -1)/2. Let f(z) = -z - 3 + q - 1. Give f(0).
8
Let u(k) = -2*k. Let j = -7 + 9. Let s = j + -1. Calculate u(s).
-2
Let v(f) = 5*f - 15 + 11 + f + f**2 + 11. Let o(h) = -h**2 - 6*h - 5. Let t be o(-6). What is v(t)?
2
Let k(n) = -3 - n + 4*n + 7*n**2 - 8*n**2. Let y = -12 + 18. Suppose -h - y = -4*h. What is k(h)?
-1
Suppose 4*i - 3*k = -11, -i + 2*i + 4*k - 2 = 0. Let r(t) be the third derivative of -t**6/120 + t**4/12 - t**3/6 - 9*t**2. Determine r(i).
3
Let h(d) = 6*d**2 + 6*d + 4. Suppose n + 2*f + 8 = 0, 5*n - 3*f + 20 - 6 = 0. Let p(a) = -5*a**2 - 5*a - 4. Let l(x) = n*h(x) - 5*p(x). Give l(-4).
16
Let h(y) = y - 1. Let x(n) = n - 6. Suppose -3*q = -0*q - 15. Let v be x(q). Determine h(v).
-2
Let a(b) = 2 + 4*b + 0 - 6. Calculate a(-3).
-16
Let n(z) be the third derivative of z**5/60 + z**4/8 + z**3/2 + 11*z**2 - 3. Give n(-5).
13
Let l(c) = -c**2 + 11 - 8 - 4*c + 2*c - 2*c. Let r be (-3)/4 - (-1)/(-4). Let p be 1 - -2 - r/(-1). Calculate l(p).
-9
Let k(u) = -u**2 + 5*u - 4. Let o be (-3 - -4)*(0 - -1). Suppose a + 2*a = 2*s + 10, -3*s - o = -a. Suppose r + y + s = 3, 4*y = -8. What is k(r)?
0
Let z(y) = -y**3 - 12*y**2 + 13*y - 4. Let a(d) = 2*d**3 + 23*d**2 - 25*d + 9. Let t(k) = -6*a(k) - 11*z(k). Give t(-7).
-10
Let j(n) = -15 + 11*n - 11 + 25. Give j(1).
10
Let k(u) be the second derivative of 1/3*u**3 + 1/6*u**4 + 3/2*u**2 + 0 - 1/20*u**5 - u. Suppose -2 = w - 2*w, z + 4*w = 11. Give k(z).
0
Let s(v) = 2 + v - 10*v**2 + 5*v**2 + 4*v